1773?
True
Is 17 a factor of 4287821553?
False
Is 563 a factor of 234549178?
True
Does 8 divide 26970413?
False
Is 17 a factor of 288700001?
True
Is 1114 a factor of 370659640?
False
Is 2953697589 a multiple of 51?
True
Does 4758 divide 1867543631?
False
Is 80 a factor of 67985040?
True
Is 659874924 a multiple of 3196?
True
Does 217 divide 42966434?
True
Is 24385140 a multiple of 884?
True
Does 8446 divide 925065042?
True
Does 201 divide 626972265?
True
Is 610760456 a multiple of 2959?
False
Does 64 divide 108692992?
True
Is 3791372936 a multiple of 26?
True
Is 120088190 a multiple of 3890?
True
Is 22 a factor of 932655870?
False
Does 13 divide 89394123?
True
Is 4676 a factor of 6142541155?
False
Is 2204 a factor of 32897495?
False
Is 274 a factor of 11544540?
False
Is 95 a factor of 1449760800?
True
Is 2885374800 a multiple of 770?
True
Is 4993 a factor of 1288532520?
False
Is 3337704 a multiple of 18?
True
Is 17 a factor of 98588763?
True
Does 145 divide 27496495?
True
Does 581 divide 7498386?
True
Is 14 a factor of 20908063?
False
Is 728 a factor of 73467576?
True
Is 67 a factor of 666711841?
True
Is 44 a factor of 43435358?
False
Does 84 divide 6879660?
False
Is 664 a factor of 71505496?
True
Is 3214 a factor of 1111693674?
True
Does 5180 divide 1346982985?
False
Does 45 divide 453519608?
False
Does 3 divide 17232291?
True
Is 55 a factor of 269910782?
False
Is 30 a factor of 28114754?
False
Is 27 a factor of 182774367?
True
Is 23130904 a multiple of 133?
False
Is 11344 a factor of 3610806544?
True
Is 3447 a factor of 2253013479?
False
Is 18 a factor of 229706636?
False
Is 236 a factor of 221334016?
True
Does 854 divide 301698969?
False
Does 322 divide 1157097340?
True
Is 89274416 a multiple of 1864?
True
Is 54937052 a multiple of 268?
True
Is 40 a factor of 2543792832?
False
Is 338693040 a multiple of 201?
True
Does 6378 divide 491157024?
True
Is 4082286 a multiple of 78?
True
Is 51709483 a multiple of 196?
False
Does 466 divide 57093824?
False
Does 55 divide 141958190?
True
Is 102 a factor of 503767930?
False
Is 6423 a factor of 343929748?
False
Is 182407968 a multiple of 19?
False
Is 24 a factor of 1995504?
True
Is 31248063 a multiple of 31?
False
Is 71706578 a multiple of 1408?
False
Is 286923 a multiple of 16?
False
Is 6334669147 a multiple of 23?
False
Is 38 a factor of 257064678?
False
Does 320 divide 129496960?
True
Is 9 a factor of 55885755?
False
Is 297 a factor of 103063158?
True
Does 100 divide 6977064?
False
Is 9786 a factor of 1326647154?
False
Does 8 divide 75939256?
True
Is 1643495049 a multiple of 5943?
True
Does 520 divide 61105321?
False
Is 15 a factor of 18678638?
False
Is 1289 a factor of 51186190?
True
Is 29726968 a multiple of 269?
False
Is 70452800 a multiple of 78?
False
Is 217 a factor of 198374?
False
Does 11 divide 59985327?
False
Does 2785 divide 54908795?
False
Is 844 a factor of 4001448024?
False
Does 14 divide 848280146?
True
Is 6 a factor of 168549834?
True
Is 65 a factor of 62186228?
False
Does 11 divide 17855071?
False
Does 260 divide 287795560?
True
Does 799 divide 593748242?
False
Is 502091444 a multiple of 4?
True
Is 1328711 a multiple of 183?
False
Is 21689364 a multiple of 26?
False
Does 7093 divide 311779908?
True
Is 3907183368 a multiple of 132?
True
Is 4269786840 a multiple of 88?
True
Does 79 divide 37422596?
False
Does 9 divide 4724991?
True
Does 551 divide 5749685?
True
Is 1216114869 a multiple of 16?
False
Is 48231036 a multiple of 1204?
True
Is 12 a factor of 20361608?
False
Is 50582875 a multiple of 20?
False
Does 332 divide 80002372?
True
Does 426 divide 45137484?
False
Is 1942480 a multiple of 26?
False
Is 464384399 a multiple of 94?
False
Does 1184 divide 734590304?
True
Is 101 a factor of 9498040?
True
Is 203073329 a multiple of 12?
False
Is 3665769304 a multiple of 2168?
True
Is 71371581 a multiple of 557?
False
Is 31 a factor of 18535520?
True
Is 620 a factor of 123860568?
False
Is 5 a factor of 2614553?
False
Is 24727939 a multiple of 723?
False
Is 3355 a factor of 278534853?
False
Does 415 divide 52303274?
False
Is 42 a factor of 12462105?
False
Does 38 divide 3717876224?
True
Is 80001172 a multiple of 51?
False
Does 794 divide 58597311?
False
Is 21053798 a multiple of 571?
False
Does 64 divide 21567808?
True
Is 56224694 a multiple of 149?
False
Is 638 a factor of 5796868?
True
Does 1035 divide 256089015?
True
Is 79598918 a multiple of 42?
False
Is 634189189 a multiple of 47?
True
Does 1312 divide 20766336?
True
Is 57 a factor of 74567332?
False
Does 696 divide 85791048?
True
Does 15 divide 8191780648?
False
Is 1923415545 a multiple of 1660?
False
Does 7 divide 75803956?
False
Is 75285588 a multiple of 102?
True
Is 15114222 a multiple of 6?
True
Is 26456649 a multiple of 18?
False
Does 1850 divide 354673208?
False
Is 82 a factor of 8127055?
False
Is 1029518492 a multiple of 183?
False
Does 194 divide 96432458?
False
Is 150 a factor of 1087526?
False
Does 1377 divide 77567787?
True
Is 19 a factor of 29462749?
True
Is 2707 a factor of 2006731490?
False
Is 898 a factor of 35148557?
False
Is 4546798976 a multiple of 8672?
True
Is 6065 a factor of 88882575?
True
Is 46580100 a multiple of 37?
False
Is 15239718 a multiple of 1277?
True
Does 20 divide 371169?
False
Does 5597 divide 1225668708?
False
Is 15873610 a multiple of 62?
False
Is 71937099 a multiple of 39?
True
Does 264 divide 277319109?
False
Is 3 a factor of 407878352?
False
Is 884936808 a multiple of 63?
True
Is 17729142 a multiple of 1893?
False
Does 11 divide 1357583546?
True
Does 2022 divide 19983426?
True
Is 27 a factor of 85949478?
True
Is 89692243 a multiple of 100?
False
Is 3255 a factor of 578088000?
True
Does 138 divide 116020740?
True
Is 888 a factor of 10149935?
False
Is 13 a factor of 559866?
False
Does 100 divide 15362200?
True
Is 545895 a multiple of 45?
True
Is 480214629 a multiple of 1461?
True
Is 11155299 a multiple of 1311?
True
Is 82 a factor of 4677531384?
False
Does 54 divide 214069454?
False
Does 104 divide 31084204?
False
Is 10 a factor of 185334313?
False
Is 3072545 a multiple of 652?
False
Is 36 a factor of 39904272?
True
Is 1058 a factor of 145434796?
True
Does 69 divide 54223029?
True
Is 45 a factor of 118630215?
True
Is 7 a factor of 51560299?
True
Does 2669 divide 748763218?
False
Is 203582592 a multiple of 576?
True
Does 271 divide 529243759?
True
Does 70 divide 214028148?
False
Is 744966874 a multiple of 29?
False
Is 3480 a factor of 208175872?
False
Is 2243875684 a multiple of 16?
False
Is 3816 a factor of 719731944?
True
Does 12 divide 21372612?
True
Is 222944592 a multiple of 2184?
False
Is 2162255939 a multiple of 3328?
False
Is 5927 a factor of 1930616811?
False
Is 500 a factor of 14159000?
True
Is 202359149 a multiple of 28?
False
Is 10865032 a multiple of 2108?
False
Is 8530858 a multiple of 755?
False
Is 107775516 a multiple of 553?
False
Does 1489 divide 28783105?
False
Is 25 a factor of 105170310?
False
Is 395 a factor of 3011713840?
True
Does 63 divide 10298795?
False
Is 6 a factor of 65535699?
False
Is 2 a factor of 4124328?
True
Is 8202 a factor of 990213595?
False
Is 1671416882 a multiple of 1583?
True
Does 110 divide 659470900?
True
Does 28 divide 21484017?
False
Does 14 divide 112250880?
True
Is 151094888 a multiple of 3?
False
Is 917131704 a multiple of 3892?
False
Is 20 a factor of 1543040?
True
Is 706180451 a multiple of 220?
False
Does 15 divide 461959954?
False
Is 139 a factor of 590202828?
False
Is 3 a factor of 131192404?
False
Is 1535 a factor of 637579435?
False
Is 76379856 a multiple of 84?
True
Is 9423631 a multiple of 38?
False
Does 13 divide 65073994?
False
Is 11 a factor of 65972053?
False
Is 100 a factor of 4023159?
False
Does 20 divide 1448540880?
True
Is 1146 a factor of 1536310726?
False
Is 48763036 a multiple of 2842?
True
Does 2816 divide 2040749568?
True
Does 1194 divide 1344647245?
False
Is 9557 a factor of 1427662888?
True
Is 1076 a factor of 119868114?
False
Is 38 a factor of 236113759?
False
Does 347 divide 183113288?
True
Is 4599157233 a multiple of 627?
True
Does 15 divide 1091200410?
True
Is 21 a factor of 2547438?
False
Does 2548 divide 3260991552?
True
Does 6 divide 16969208?
False
Is 1730786 a multiple of 90?
False
Is 436 a factor of 1706470511?
Fals